re the prime factors of 19137866?
2, 11, 167, 5209
List the prime factors of 5160516.
2, 3, 43, 73, 137
List the prime factors of 15422896.
2, 29, 43, 773
List the prime factors of 582559.
19, 30661
What are the prime factors of 504301?
7, 72043
What are the prime factors of 6267374?
2, 577, 5431
List the prime factors of 3034455.
3, 5, 89, 2273
List the prime factors of 280175.
5, 7, 1601
What are the prime factors of 396929?
13, 19, 1607
What are the prime factors of 500134?
2, 29, 8623
What are the prime factors of 691937?
37, 18701
What are the prime factors of 6066267?
3, 61, 33149
List the prime factors of 1262852.
2, 491, 643
What are the prime factors of 126497?
7, 17, 1063
List the prime factors of 879710.
2, 5, 13, 67, 101
List the prime factors of 22702207.
11, 19, 5717
What are the prime factors of 206144?
2, 3221
List the prime factors of 313401.
3, 11, 9497
What are the prime factors of 5744376?
2, 3, 11, 7253
List the prime factors of 237815.
5, 47563
What are the prime factors of 252354?
2, 3, 137, 307
What are the prime factors of 1634484?
2, 3, 136207
What are the prime factors of 6407135?
5, 7, 61, 3001
List the prime factors of 18392198.
2, 11, 17, 49177
List the prime factors of 173.
173
What are the prime factors of 11115222?
2, 3, 1039, 1783
List the prime factors of 194288.
2, 12143
What are the prime factors of 689310?
2, 3, 5, 23, 37
What are the prime factors of 334004?
2, 11, 7591
List the prime factors of 936335.
5, 401, 467
What are the prime factors of 2980461?
3, 11, 37, 2441
List the prime factors of 384191.
163, 2357
What are the prime factors of 392259?
3, 7, 18679
List the prime factors of 992873.
7, 29, 67, 73
List the prime factors of 9357955.
5, 1871591
What are the prime factors of 333585?
3, 5, 7, 353
List the prime factors of 1243.
11, 113
What are the prime factors of 2086415?
5, 417283
List the prime factors of 120029.
7, 13, 1319
What are the prime factors of 11333?
7, 1619
List the prime factors of 1630440.
2, 3, 5, 7, 647
What are the prime factors of 162872?
2, 20359
What are the prime factors of 4513444?
2, 13, 29, 41, 73
What are the prime factors of 1525522?
2, 762761
What are the prime factors of 3361032?
2, 3, 46681
List the prime factors of 993929.
71, 13999
What are the prime factors of 869114?
2, 103, 4219
List the prime factors of 1392741.
3, 7, 7369
What are the prime factors of 490857?
3, 131, 1249
What are the prime factors of 248696?
2, 7, 4441
List the prime factors of 3585234.
2, 3, 597539
What are the prime factors of 3736878?
2, 3, 622813
List the prime factors of 15857802.
2, 3, 31, 9473
What are the prime factors of 50477?
7, 7211
What are the prime factors of 876911?
7, 17, 7369
List the prime factors of 914620.
2, 5, 7, 47, 139
List the prime factors of 2759182.
2, 47, 149, 197
What are the prime factors of 2671170?
2, 3, 5, 269, 331
What are the prime factors of 182850?
2, 3, 5, 23, 53
What are the prime factors of 356387?
356387
What are the prime factors of 168546?
2, 3, 7, 4013
What are the prime factors of 405505?
5, 81101
List the prime factors of 925718.
2, 17, 19, 1433
List the prime factors of 98750.
2, 5, 79
List the prime factors of 16017.
3, 19, 281
List the prime factors of 14429483.
2467, 5849
What are the prime factors of 538421?
13, 83, 499
What are the prime factors of 809841?
3, 269947
List the prime factors of 19081055.
5, 7, 17, 32069
List the prime factors of 204945.
3, 5, 13, 1051
What are the prime factors of 116985?
3, 5, 11, 709
List the prime factors of 175785.
3, 5, 11719
What are the prime factors of 43477?
7, 6211
What are the prime factors of 458036?
2, 43, 2663
List the prime factors of 618623.
71, 8713
What are the prime factors of 10334270?
2, 5, 1033427
What are the prime factors of 16871605?
5, 67, 50363
List the prime factors of 3451899.
3, 11, 29, 3607
List the prime factors of 741646.
2, 19, 29, 673
List the prime factors of 1017282.
2, 3, 7, 53, 457
List the prime factors of 10303685.
5, 7, 294391
What are the prime factors of 565479?
3, 83, 757
List the prime factors of 4563623.
4563623
List the prime factors of 6286914.
2, 3, 103, 3391
What are the prime factors of 605820?
2, 3, 5, 23, 439
What are the prime factors of 1356909?
3, 443, 1021
List the prime factors of 190572.
2, 3, 15881
List the prime factors of 218858.
2, 17, 41, 157
List the prime factors of 4206389.
11, 43, 8893
What are the prime factors of 550199?
13, 42323
List the prime factors of 29854659.
3, 29, 11833
What are the prime factors of 7022839?
7022839
List the prime factors of 206104.
2, 25763
List the prime factors of 499244.
2, 19, 6569
What are the prime factors of 17390?
2, 5, 37, 47
What are the prime factors of 693184?
2, 10831
What are the prime factors of 167781?
3, 55927
What are the prime factors of 8855413?
7, 277, 4567
List the prime factors of 344433.
3, 29, 37, 107
List the prime factors of 13526394.
2, 3, 7, 322057
List the prime factors of 53051.
53051
What are the prime factors of 7102?
2, 53, 67
List the prime factors of 1360398.
2, 3, 13, 107, 163
What are the prime factors of 1264591?
61, 20731
What are the prime factors of 2818040?
2, 5, 70451
List the prime factors of 13305477.
3, 23, 192833
List the prime factors of 18844495.
5, 3768899
What are the prime factors of 186600?
2, 3, 5, 311
What are the prime factors of 3795790?
2, 5, 379579
List the prime factors of 991731.
3, 13, 59, 431
List the prime factors of 1649062.
2, 824531
What are the prime factors of 6007246?
2, 7, 37, 11597
List the prime factors of 575891.
47, 12253
What are the prime factors of 2041404?
2, 3, 311, 547
List the prime factors of 454498.
2, 11, 73, 283
List the prime factors of 174864.
2, 3, 3643
List the prime factors of 287870.
2, 5, 11, 2617
What are the prime factors of 116385?
3, 5, 7759
What are the prime factors of 254489?
254489
What are the prime factors of 7606512?
2, 3, 101, 523
List the prime factors of 1533644.
2, 7, 54773
What are the prime factors of 5199345?
3, 5, 43, 2687
What are the prime factors of 490407?
3, 163469
What are the prime factors of 191066?
2, 83, 1151
What are the prime factors of 354547?
31, 11437
What are the prime factors of 1998490?
2, 5, 13, 15373
List the prime factors of 29959518.
2, 3, 257, 19429
What are the prime factors of 2152462?
2, 13, 82787
List the prime factors of 21683179.
7, 431, 7187
What are the prime factors of 6635633?
6635633
What are the prime factors of 7084048?
2, 442753
What are the prime factors of 549390?
2, 3, 5, 18313
List the prime factors of 62295.
3, 5, 4153
What are the prime factors of 32067?
3, 7, 509
What are the prime factors of 250805?
5, 103, 487
What are the prime factors of 482425?
5, 23, 839
What are the prime factors of 3393633?
3, 953, 1187
List the prime factors of 4667555.
5, 67, 13933
List the prime factors of 2494645.
5, 41, 43, 283
What are the prime factors of 13788981?
3, 71, 7193
What are the prime factors of 20603?
11, 1873
List the prime factors of 547792.
2, 7, 67, 73
List the prime factors of 331708.
2, 13, 6379
What are the prime factors of 4213559?
7, 85991
List the prime factors of 229921.
43, 5347
List the prime factors of 11400503.
11400503
List the prime factors of 574443.
3, 83, 769
What are the prime factors of 49932?
2, 3, 19, 73
List the prime factors of 2538855.
3, 5, 11, 23, 223
What are the prime factors of 115795?
5, 23159
What are the prime factors of 10231?
13, 787
List the prime factors of 281819.
23, 12253
List the prime factors of 315070.
2, 5, 7, 643
List the prime factors of 56421.
3, 6269
List the prime factors of 8660530.
2, 5, 866053
List the prime factors of 9667015.
5, 23, 84061
What are the prime factors of 573658?
2, 97, 2957
What are the prime factors of 82091?
103, 797
What are the prime factors of 1094215?
5, 218843
List the prime factors of 695904.
2, 3, 11, 659
List the prime factors of 69423.
3, 73, 317
List the prime factors of 25206644.
2, 1453, 4337
List the prime factors of 473082.
2, 3, 37, 2131
List the prime factors of 595266.
2, 3, 7, 14173
List the prime factors of 6181103.
6181103
List the prime factors of 42066.
2, 3, 19, 41
List the prime factors of 806506.
2, 403253
List the prime factors of 472966.
2, 13, 18191
What are the